{"id":387,"date":"2021-09-01T16:51:47","date_gmt":"2021-09-01T16:51:47","guid":{"rendered":"https:\/\/swingladiespecs.youdodo.hu\/?page_id=387"},"modified":"2021-09-01T22:28:12","modified_gmt":"2021-09-01T22:28:12","slug":"zenei-csomagajanlataink","status":"publish","type":"page","link":"https:\/\/swingladiespecs.youdodo.hu\/?page_id=387","title":{"rendered":"Zenei csemeg\u00e9ink"},"content":{"rendered":"<p>[et_pb_section fb_built=&#8221;1&#8243; admin_label=&#8221;section&#8221; _builder_version=&#8221;3.22&#8243; global_colors_info=&#8221;{}&#8221;][et_pb_row column_structure=&#8221;1_3,1_3,1_3&#8243; _builder_version=&#8221;4.10.5&#8243; _module_preset=&#8221;default&#8221; global_colors_info=&#8221;{}&#8221;][et_pb_column type=&#8221;1_3&#8243; _builder_version=&#8221;4.10.5&#8243; _module_preset=&#8221;default&#8221; global_colors_info=&#8221;{}&#8221;][et_pb_image src=&#8221;https:\/\/swingladiespecs.youdodo.hu\/wp-content\/uploads\/2021\/09\/642b8ad4a48eee561e0b9227b398562e.jpg&#8221; title_text=&#8221;642b8ad4a48eee561e0b9227b398562e&#8221; show_in_lightbox=&#8221;on&#8221; _builder_version=&#8221;4.10.5&#8243; _module_preset=&#8221;default&#8221; animation_style=&#8221;fade&#8221; global_colors_info=&#8221;{}&#8221;][\/et_pb_image][et_pb_text _builder_version=&#8221;4.10.5&#8243; _module_preset=&#8221;default&#8221; global_colors_info=&#8221;{}&#8221;]<\/p>\n<h1 style=\"text-align: center;\">All I want for Christmas is Swing<\/h1>\n<p>[\/et_pb_text][et_pb_text _builder_version=&#8221;4.10.5&#8243; _module_preset=&#8221;default&#8221; global_colors_info=&#8221;{}&#8221;]<\/p>\n<p>Mi m\u00e1st k\u00e9rhetn\u00e9nk kar\u00e1csonyra, mint swinget.<br \/>A tri\u00f3 a 20-as, 30-as \u00e9vek Amerik\u00e1j\u00e1nak eddig kevesek \u00e1ltal ismert<br \/>kar\u00e1csonyi dalait dolgozta fel. Olyan kuri\u00f3zumok illetve \u00f6r\u00f6kz\u00f6ld<br \/>dallamok hangzanak el swing k\u00f6nt\u00f6sben, mint a Let it snow, Winter Wonderland.<br \/>A magyar k\u00f6z\u00f6ns\u00e9g \u00e1ltal m\u00e9g nem hallott Andrews Sisters kar\u00e1csonyi dalok<br \/>is szerepelnek reperto\u00e1runkban, t\u00f6bbek k\u00f6z\u00f6tt a Christmas tree angel,<br \/>valamint kor\u00e1nak n\u00e9pszer\u0171 hawaii kar\u00e1csonyi dala, a Mele Kalikimaka.<\/p>\n<p>[\/et_pb_text][et_pb_image src=&#8221;https:\/\/swingladiespecs.youdodo.hu\/wp-content\/uploads\/2021\/09\/Retro-Style-Christmas-background-design-01.jpg&#8221; title_text=&#8221;Retro-Style-Christmas-background-design-01&#8243; show_in_lightbox=&#8221;on&#8221; _builder_version=&#8221;4.10.5&#8243; _module_preset=&#8221;default&#8221; animation_style=&#8221;fade&#8221; global_colors_info=&#8221;{}&#8221;][\/et_pb_image][et_pb_image src=&#8221;https:\/\/swingladiespecs.youdodo.hu\/wp-content\/uploads\/2021\/09\/logo.jpg&#8221; title_text=&#8221;logo&#8221; show_in_lightbox=&#8221;on&#8221; _builder_version=&#8221;4.10.5&#8243; _module_preset=&#8221;default&#8221; global_colors_info=&#8221;{}&#8221;][\/et_pb_image][et_pb_text _builder_version=&#8221;4.10.5&#8243; _module_preset=&#8221;default&#8221; global_colors_info=&#8221;{}&#8221;]<\/p>\n<h1 style=\"text-align: center;\">SWING &amp; PARTY &amp; ROCKABILLY<\/h1>\n<p>&nbsp;<\/p>\n<p>[\/et_pb_text][et_pb_text _builder_version=&#8221;4.10.5&#8243; _module_preset=&#8221;default&#8221; global_colors_info=&#8221;{}&#8221;]<\/p>\n<p>A jazz popzen\u00e9je a swing, amely az 1930-as \u00e9vekben kergette \u0151r\u00fcletbe<br \/>a t\u00e1ncparkett \u00f6rd\u00f6geit, napjainkban szinte a renesz\u00e1nsz\u00e1t \u00e9li.<br \/>Olyan, a kort meghat\u00e1roz\u00f3 swing standardek kapnak helyet m\u0171sorunkban,<br \/>mint a Sing, sing, sing, In the mood, Hit the road Jack. Tri\u00f3nk \u00faj\u00edt\u00e1sa a<br \/>rockabilly st\u00edlus fel\u00e9 val\u00f3 kikacsint\u00e1s. Let\u2019s twist again, Rock around the clock,<br \/>It\u2019s my party. Ugye mindenkinek ismer\u0151s?<\/p>\n<p>[\/et_pb_text][et_pb_image src=&#8221;https:\/\/swingladiespecs.youdodo.hu\/wp-content\/uploads\/2021\/09\/wp5079398-scaled.jpg&#8221; title_text=&#8221;wp5079398&#8243; show_in_lightbox=&#8221;on&#8221; _builder_version=&#8221;4.10.5&#8243; _module_preset=&#8221;default&#8221; global_colors_info=&#8221;{}&#8221;][\/et_pb_image][\/et_pb_column][et_pb_column type=&#8221;1_3&#8243; _builder_version=&#8221;4.10.5&#8243; _module_preset=&#8221;default&#8221; global_colors_info=&#8221;{}&#8221;][et_pb_image src=&#8221;https:\/\/swingladiespecs.youdodo.hu\/wp-content\/uploads\/2021\/09\/z0ZVh8.jpg&#8221; title_text=&#8221;z0ZVh8&#8243; show_in_lightbox=&#8221;on&#8221; _builder_version=&#8221;4.10.5&#8243; _module_preset=&#8221;default&#8221; global_colors_info=&#8221;{}&#8221;][\/et_pb_image][et_pb_text _builder_version=&#8221;4.10.5&#8243; _module_preset=&#8221;default&#8221; global_colors_info=&#8221;{}&#8221;]<\/p>\n<h1 style=\"text-align: center;\">LOVE &amp; SWING<\/h1>\n<p>&nbsp;<\/p>\n<p>[\/et_pb_text][et_pb_text _builder_version=&#8221;4.10.5&#8243; _module_preset=&#8221;default&#8221; global_colors_info=&#8221;{}&#8221;]<\/p>\n<p>Az Eur\u00f3pa-szerte kedvelt nap, t\u00f6bb mint a szerelem, a szerelmesek \u00fcnnepe.<br \/>A szeretetr\u0151l \u00e9s a bar\u00e1ts\u00e1gr\u00f3l is sz\u00f3l, \u00e9s egyben egy tavaszv\u00e1r\u00f3 esem\u00e9ny is.<br \/>Tri\u00f3nk a swing &amp; jazz kiv\u00e1l\u00f3s\u00e1gainak legszebb szerelmes dalait szedte csokorba,<br \/>egy t\u00f6k\u00e9letes este megkoron\u00e1z\u00e1sak\u00e9nt. Az esten olyan klasszikusok is felcsend\u00fclnek,<br \/>mint a Somethin\u2019 stupid, Moon river, Sway.<\/p>\n<p>[\/et_pb_text][et_pb_image src=&#8221;https:\/\/swingladiespecs.youdodo.hu\/wp-content\/uploads\/2021\/09\/7a05f2b9619800409f7212cb792956dc.jpg&#8221; title_text=&#8221;7a05f2b9619800409f7212cb792956dc&#8221; show_in_lightbox=&#8221;on&#8221; _builder_version=&#8221;4.10.5&#8243; _module_preset=&#8221;default&#8221; global_colors_info=&#8221;{}&#8221;][\/et_pb_image][et_pb_image src=&#8221;https:\/\/swingladiespecs.youdodo.hu\/wp-content\/uploads\/2021\/09\/romantic_wedding_elements_backgrounds_vector_521799.jpg&#8221; title_text=&#8221;romantic_wedding_elements_backgrounds_vector_521799&#8243; show_in_lightbox=&#8221;on&#8221; _builder_version=&#8221;4.10.5&#8243; _module_preset=&#8221;default&#8221; hover_enabled=&#8221;0&#8243; global_colors_info=&#8221;{}&#8221; sticky_enabled=&#8221;0&#8243;][\/et_pb_image][et_pb_text _builder_version=&#8221;4.10.5&#8243; _module_preset=&#8221;default&#8221; global_colors_info=&#8221;{}&#8221;]<\/p>\n<h1 style=\"text-align: center;\">Wedding Swing<\/h1>\n<p>[\/et_pb_text][et_pb_text _builder_version=&#8221;4.10.5&#8243; _module_preset=&#8221;default&#8221; global_colors_info=&#8221;{}&#8221;]<\/p>\n<p>\u00c1s\u00f3, kapa, nagy harang&#8230; vagy Nagy Kaland?\u00a0<\/p>\n<p>Legyen sz\u00f3 b\u00e1rmelyikr\u0151l is, az ifj\u00fa p\u00e1r el\u0151tt \u00e1ll\u00f3 k\u00f6z\u00f6s utat megel\u0151z\u0151 nagy mulatoz\u00e1s elengedhetetlen kell\u00e9ke a zene. Ha a vintage \u00e9s a swing vil\u00e1g\u00e1ba szeretn\u00e9tek visszarep\u00edteni a n\u00e1szn\u00e9pet, tri\u00f3nk a t\u00f6k\u00e9letes v\u00e1laszt\u00e1s sz\u00e1motokra. Nem \u00e1ll T\u0151l\u00fcnk t\u00e1vol, s rem\u00e9lj\u00fck T\u0151letek sem az 50-es \u00e9ves rockabilly \u0151r\u00fclete. \u00c1m ha a kedvenc dalotokat szeretn\u00e9tek, tri\u00f3nkra ebben az esetben is sz\u00e1m\u00edthattok.\u00a0 Az egyh\u00e1zi esk\u00fcv\u0151n felcsend\u00fcl\u0151 Ave Maria is a reperto\u00e1runk r\u00e9sze.\u00a0<\/p>\n<p>\u00dcnnepelj\u00fcnk egy\u00fctt Benneteket!<\/p>\n<p>[\/et_pb_text][et_pb_image src=&#8221;https:\/\/swingladiespecs.youdodo.hu\/wp-content\/uploads\/2021\/09\/fe1b066ad865cb0c4df5bfa04f5632ae.jpg&#8221; title_text=&#8221;fe1b066ad865cb0c4df5bfa04f5632ae&#8221; show_in_lightbox=&#8221;on&#8221; _builder_version=&#8221;4.10.5&#8243; _module_preset=&#8221;default&#8221; global_colors_info=&#8221;{}&#8221;][\/et_pb_image][\/et_pb_column][et_pb_column type=&#8221;1_3&#8243; _builder_version=&#8221;4.10.5&#8243; _module_preset=&#8221;default&#8221; global_colors_info=&#8221;{}&#8221;][et_pb_image src=&#8221;https:\/\/swingladiespecs.youdodo.hu\/wp-content\/uploads\/2021\/09\/images-4.jpg&#8221; title_text=&#8221;images (4)&#8221; show_in_lightbox=&#8221;on&#8221; _builder_version=&#8221;4.10.5&#8243; _module_preset=&#8221;default&#8221; global_colors_info=&#8221;{}&#8221;][\/et_pb_image][et_pb_text _builder_version=&#8221;4.10.5&#8243; _module_preset=&#8221;default&#8221; global_colors_info=&#8221;{}&#8221;]<\/p>\n<h3 style=\"text-align: center;\">Swing is in the Air &#8211;<\/h3>\n<h3 style=\"text-align: center;\">Tavaszv\u00e1r\u00f3 Swing dallamok<\/h3>\n<p>[\/et_pb_text][et_pb_text _builder_version=&#8221;4.10.5&#8243; _module_preset=&#8221;default&#8221; global_colors_info=&#8221;{}&#8221;]<\/p>\n<p>Ha tavasz akkor \u00fajj\u00e1sz\u00fclet\u00e9s , frissess\u00e9g, szerelem, ezeket a gondolatokat<br \/>szeretn\u00e9nk dalba \u00f6ntve a swing ir\u00e1nt \u00e9rdekl\u0151d\u0151knek \u00e1tadni. A megszokott<br \/>swing standard-ek mellett \u00fajdons\u00e1gokkal is kedvesked\u00fcnk. Az Andrews Sisters<br \/>dalai mellett Aretha Franklin \u00e9s Ella Fitzgerald eml\u00e9k\u00e9t is \u00e1poljuk.<\/p>\n<p>[\/et_pb_text][et_pb_image src=&#8221;https:\/\/swingladiespecs.youdodo.hu\/wp-content\/uploads\/2021\/09\/images-1.jpg&#8221; title_text=&#8221;images (1)&#8221; show_in_lightbox=&#8221;on&#8221; _builder_version=&#8221;4.10.5&#8243; _module_preset=&#8221;default&#8221; global_colors_info=&#8221;{}&#8221;][\/et_pb_image][et_pb_image src=&#8221;https:\/\/swingladiespecs.youdodo.hu\/wp-content\/uploads\/2021\/09\/Vintage_Summerr.jpg&#8221; title_text=&#8221;Vintage_Summerr&#8221; show_in_lightbox=&#8221;on&#8221; _builder_version=&#8221;4.10.5&#8243; _module_preset=&#8221;default&#8221; global_colors_info=&#8221;{}&#8221;][\/et_pb_image][et_pb_text _builder_version=&#8221;4.10.5&#8243; _module_preset=&#8221;default&#8221; global_colors_info=&#8221;{}&#8221;]<\/p>\n<h1 style=\"text-align: center;\">Vintage Summer<\/h1>\n<p>[\/et_pb_text][et_pb_text _builder_version=&#8221;4.10.5&#8243; _module_preset=&#8221;default&#8221; global_colors_info=&#8221;{}&#8221;]<\/p>\n<p>Beach, kokt\u00e9lok, m\u00f3ka, kacag\u00e1s, felejthetetlen dallamok&#8230;<\/p>\n<p>My boy Lollipop, Itsy Bitsy Teeny Weeny Yellow Polka Dot Bikini, Somethin&#8217; Stupid<\/p>\n<p>\u00d6nfeledt zenei t\u00f6rt\u00e9nelmi utaz\u00e1s&#8230;Ez tiszta N\u0150r\u00fclet<\/p>\n<p>[\/et_pb_text][et_pb_gallery gallery_ids=&#8221;571&#8243; _builder_version=&#8221;4.10.5&#8243; _module_preset=&#8221;default&#8221; global_colors_info=&#8221;{}&#8221;][\/et_pb_gallery][\/et_pb_column][\/et_pb_row][\/et_pb_section]<\/p>\n","protected":false},"excerpt":{"rendered":"<p>All I want for Christmas is SwingMi m\u00e1st k\u00e9rhetn\u00e9nk kar\u00e1csonyra, mint swinget.A tri\u00f3 a 20-as, 30-as \u00e9vek Amerik\u00e1j\u00e1nak eddig kevesek \u00e1ltal ismertkar\u00e1csonyi dalait dolgozta fel. Olyan kuri\u00f3zumok illetve \u00f6r\u00f6kz\u00f6lddallamok hangzanak el swing k\u00f6nt\u00f6sben, mint a Let it snow, Winter Wonderland.A magyar k\u00f6z\u00f6ns\u00e9g \u00e1ltal m\u00e9g nem hallott Andrews Sisters kar\u00e1csonyi dalokis szerepelnek reperto\u00e1runkban, t\u00f6bbek k\u00f6z\u00f6tt a [&hellip;]<\/p>\n","protected":false},"author":1,"featured_media":0,"parent":0,"menu_order":0,"comment_status":"closed","ping_status":"closed","template":"","meta":{"_et_pb_use_builder":"on","_et_pb_old_content":"","_et_gb_content_width":""},"_links":{"self":[{"href":"https:\/\/swingladiespecs.youdodo.hu\/index.php?rest_route=\/wp\/v2\/pages\/387"}],"collection":[{"href":"https:\/\/swingladiespecs.youdodo.hu\/index.php?rest_route=\/wp\/v2\/pages"}],"about":[{"href":"https:\/\/swingladiespecs.youdodo.hu\/index.php?rest_route=\/wp\/v2\/types\/page"}],"author":[{"embeddable":true,"href":"https:\/\/swingladiespecs.youdodo.hu\/index.php?rest_route=\/wp\/v2\/users\/1"}],"replies":[{"embeddable":true,"href":"https:\/\/swingladiespecs.youdodo.hu\/index.php?rest_route=%2Fwp%2Fv2%2Fcomments&post=387"}],"version-history":[{"count":20,"href":"https:\/\/swingladiespecs.youdodo.hu\/index.php?rest_route=\/wp\/v2\/pages\/387\/revisions"}],"predecessor-version":[{"id":575,"href":"https:\/\/swingladiespecs.youdodo.hu\/index.php?rest_route=\/wp\/v2\/pages\/387\/revisions\/575"}],"wp:attachment":[{"href":"https:\/\/swingladiespecs.youdodo.hu\/index.php?rest_route=%2Fwp%2Fv2%2Fmedia&parent=387"}],"curies":[{"name":"wp","href":"https:\/\/api.w.org\/{rel}","templated":true}]}}